 658 a factor of 1465076?
False
Is 87 a factor of 2882658?
True
Is 385942 a multiple of 309?
False
Does 250 divide 27321?
False
Is 2600356 a multiple of 478?
False
Is 617911 a multiple of 4?
False
Does 236 divide 1048784?
True
Is 30 a factor of 91320?
True
Is 7 a factor of 990486?
True
Is 56319 a multiple of 20?
False
Is 274 a factor of 147138?
True
Is 4355344 a multiple of 46?
False
Is 114 a factor of 450483?
False
Is 5729139 a multiple of 13?
True
Is 9 a factor of 66204?
True
Is 2537418 a multiple of 1320?
False
Is 481998 a multiple of 109?
True
Is 16 a factor of 4833616?
True
Is 730 a factor of 191260?
True
Is 6364925 a multiple of 925?
True
Is 566 a factor of 7321776?
True
Is 22 a factor of 6088172?
False
Is 81 a factor of 1843439?
False
Does 28 divide 5973470?
False
Is 1014 a factor of 1499061?
False
Is 176 a factor of 79552?
True
Is 7043440 a multiple of 272?
True
Does 118 divide 101257?
False
Does 844 divide 475014?
False
Is 533143 a multiple of 17?
False
Does 811 divide 441995?
True
Is 5684591 a multiple of 52?
False
Is 73245 a multiple of 19?
True
Is 7 a factor of 426941?
False
Does 102 divide 720630?
True
Does 73 divide 13311124?
False
Does 230 divide 151310?
False
Is 2623657 a multiple of 84?
False
Is 23 a factor of 30400?
False
Does 873 divide 22285071?
True
Is 103740 a multiple of 31?
False
Is 483 a factor of 461447?
False
Does 5 divide 217454?
False
Is 5478496 a multiple of 170?
False
Is 94981 a multiple of 19?
True
Does 99 divide 770898?
False
Does 131 divide 418889?
False
Is 12 a factor of 2824632?
True
Is 410 a factor of 556467?
False
Does 29 divide 14912?
False
Does 37 divide 2000886?
True
Does 10 divide 5541470?
True
Is 62390 a multiple of 21?
False
Is 1486502 a multiple of 8?
False
Is 260 a factor of 12796680?
True
Is 633313 a multiple of 18?
False
Is 10871630 a multiple of 7?
True
Does 10 divide 860050?
True
Is 1749333 a multiple of 389?
True
Is 61 a factor of 3767990?
False
Is 17020 a multiple of 4?
True
Does 100 divide 950500?
True
Does 44 divide 146652?
True
Does 484 divide 26620?
True
Does 47 divide 980326?
True
Does 32 divide 2409754?
False
Does 481 divide 27062?
False
Does 36 divide 5092163?
False
Is 64 a factor of 829888?
True
Is 127 a factor of 1255766?
False
Is 269 a factor of 824432?
False
Does 25 divide 228086?
False
Is 15 a factor of 50385?
True
Is 33807 a multiple of 59?
True
Is 211340 a multiple of 20?
True
Does 1079 divide 8200161?
False
Is 425100 a multiple of 156?
True
Is 322775 a multiple of 25?
True
Does 3 divide 25881?
True
Does 65 divide 268550?
False
Does 37 divide 2575295?
False
Is 582 a factor of 1773559?
False
Is 2721215 a multiple of 5?
True
Is 28937 a multiple of 19?
True
Is 8311709 a multiple of 793?
False
Is 342 a factor of 4024972?
False
Does 41 divide 1532620?
False
Is 88607 even?
False
Is 98 a factor of 141218?
True
Is 6641548 a multiple of 30?
False
Is 7 a factor of 339325?
True
Does 70 divide 4233460?
True
Does 106 divide 212945?
False
Does 6 divide 2401842?
True
Is 768138 a multiple of 16?
False
Is 387 a factor of 2048431?
False
Is 58 a factor of 12114445?
False
Is 1915727 a multiple of 17?
False
Does 14 divide 179662?
True
Is 25 a factor of 12925?
True
Is 7 a factor of 6545105?
True
Does 79 divide 212006?
False
Is 3704536 a multiple of 712?
True
Is 1072 a factor of 4056448?
True
Does 4 divide 23656?
True
Is 249 a factor of 27360062?
False
Is 172088 a multiple of 392?
True
Is 41 a factor of 2266029?
True
Is 70957 a multiple of 86?
False
Is 118 a factor of 250278?
True
Does 56 divide 156240?
True
Is 249696 a multiple of 6?
True
Is 5235636 a multiple of 942?
True
Does 42 divide 1344756?
True
Does 18 divide 49860?
True
Is 103 a factor of 1235635?
False
Is 257 a factor of 403747?
True
Is 262192 a multiple of 124?
False
Is 48 a factor of 6527317?
False
Is 840717 a multiple of 5?
False
Does 8 divide 291288?
True
Is 10 a factor of 427830?
True
Is 8 a factor of 537181?
False
Does 5 divide 99190?
True
Is 76 a factor of 1403301?
False
Does 19 divide 4027829?
True
Is 238309 a multiple of 30?
False
Is 16 a factor of 7576491?
False
Does 17 divide 3295823?
False
Is 9 a factor of 143656?
False
Is 246516 a multiple of 471?
False
Does 90 divide 7944063?
False
Is 10 a factor of 422289?
False
Is 74 a factor of 2158506?
True
Does 337 divide 95165?
False
Does 86 divide 1045072?
True
Is 89613 a multiple of 88?
False
Is 7401441 a multiple of 107?
False
Is 228492 a multiple of 108?
False
Is 2 a factor of 127063?
False
Is 195 a factor of 631800?
True
Is 289 a factor of 1028492?
False
Is 295368 a multiple of 8?
True
Is 1186317 a multiple of 521?
True
Is 579728 a multiple of 10?
False
Is 37440 a multiple of 780?
True
Is 54932 a multiple of 10?
False
Is 1799313 a multiple of 7?
False
Is 923580 a multiple of 210?
True
Is 5286540 a multiple of 921?
True
Is 135 a factor of 480756?
False
Is 17 a factor of 1004479?
True
Is 5794824 a multiple of 17?
True
Is 36 a factor of 1208520?
True
Does 32 divide 349232?
False
Is 115 a factor of 1716260?
True
Is 72979 a multiple of 19?
True
Does 10 divide 184010?
True
Is 1872355 a multiple of 658?
False
Is 217443 a multiple of 687?
False
Is 90 a factor of 931050?
True
Is 31095 a multiple of 23?
False
Is 49 a factor of 6349959?
True
Is 617484 a multiple of 37?
False
Is 362937 a multiple of 82?
False
Is 5357018 a multiple of 607?
False
Does 10 divide 129658?
False
Is 3671308 a multiple of 314?
False
Does 16 divide 73487?
False
Does 329 divide 5047518?
True
Is 55 a factor of 100485?
True
Is 139932 a multiple of 9?
True
Is 44975 a multiple of 4?
False
Does 420 divide 1997940?
True
Is 3912080 a multiple of 158?
True
Does 216 divide 273330?
False
Is 49 a factor of 158582?
False
Is 714350 a multiple of 20?
False
Does 11 divide 273416?
True
Is 9 a factor of 401479?
False
Does 30 divide 711673?
False
Is 363 a factor of 154703?
False
Is 59 a factor of 168848?
False
Is 148935 a multiple of 15?
True
Does 202 divide 79750?
False
Is 1458062 a multiple of 23?
True
Is 60360 even?
True
Is 203842 a multiple of 2?
True
Does 299 divide 13687921?
True
Is 1003792 a multiple of 22?
False
Does 24 divide 160806?
False
Is 140 a factor of 2165380?
True
Is 679272 a multiple of 24?
True
Is 4 a factor of 37676?
True
Is 11337 a multiple of 14?
False
Is 86 a factor of 3219116?
False
Does 57 divide 95955?
False
Is 2094805 a multiple of 715?
False
Is 185192 a multiple of 115?
False
Does 9 divide 4769563?
False
Is 1490625 a multiple of 53?
True
Is 5131 a multiple of 4?
False
Is 38478 a multiple of 159?
True
Is 74491 a multiple of 56?
False
Does 5 divide 92422?
False
Does 472 divide 20337201?
False
Is 63 a factor of 428085?
True
Does 880 divide 1937760?
True
Is 1228326 a multiple of 1006?
True
Does 216 divide 360415?
False
Is 2725523 a multiple of 34?
False
Is 23443 a multiple of 17?
True
Is 9 a factor of 1853537?
False
Does 18 divide 162018?
True
Is 4215237 a multiple of 1131?
True
Is 759010 a multiple of 49?
True
Is 1472193 a multiple of 337?
False
Is 5370200 a multiple of 40?
True
Does 8 divide 62552?
True
Is 46 a factor of 209070?
True
Does 7 divide 277662?
True
Does 151 divide 1762463?
False
Does 132 divide 3930828?
True
Does 124 divide 822745?
False
Is 140949 a multiple of 9?
True
Does 7 divide 8753?
False
Is 15 a factor of 79120?
False
Is 87903 a multiple of 57?
False
Is 954 a factor of 450249?
False
Does 48 divide 267020?
False
Is 61 a factor of 1393362?
True
Is 291 a factor of 8383419?
True
Is 118 a factor of 5029?
False
Does 6 divide 34920?
True
Is 398650 a multiple of 41?
False
Is 673695 a multiple of 33?
True
Is 153 a factor of 609115?
False
Does 112 divide 22176?
True
Is 35808 a multiple of 32?
True
Does 355 divide 786122?
False
Is 8 a factor of 199431?
False
Is 605 a factor of 11254815?
True
Does 272 divide 96831?
False
Is 11209 a multiple of 50?
False
Is 461 a factor of 124931?
True
Is 89324 a multiple of 205?
False
Is 201 a factor of 6054232?
False
Does 61 divide 914522?
False
Is 678190 a multiple of 21?
False
Is 49 a factor of 4846541?
True
Does 40 divide 111680?
True
Does 4 divide 329995?
False
Does 9 divide 85567?
False
Is 4250086 a multiple of 112?
False
Is 24 a factor of 168672?
True
Does 154 divide 235904?
False
Is 582936 a multiple of 13?
False
Is 1497651 a multiple of 239?
False
Does 7 divid